{"id":564,"date":"2023-10-09T14:59:12","date_gmt":"2023-10-09T14:59:12","guid":{"rendered":"https:\/\/printzgraf.de\/?page_id=564"},"modified":"2023-10-09T14:59:12","modified_gmt":"2023-10-09T14:59:12","slug":"test","status":"publish","type":"page","link":"https:\/\/printzgraf.de\/?page_id=564","title":{"rendered":"Test"},"content":{"rendered":"<style>\/*! elementor - v3.16.0 - 09-10-2023 *\/<br \/>\n.elementor-widget-divider{--divider-border-style:none;--divider-border-width:1px;--divider-color:#0c0d0e;--divider-icon-size:20px;--divider-element-spacing:10px;--divider-pattern-height:24px;--divider-pattern-size:20px;--divider-pattern-url:none;--divider-pattern-repeat:repeat-x}.elementor-widget-divider .elementor-divider{display:flex}.elementor-widget-divider .elementor-divider__text{font-size:15px;line-height:1;max-width:95%}.elementor-widget-divider .elementor-divider__element{margin:0 var(--divider-element-spacing);flex-shrink:0}.elementor-widget-divider .elementor-icon{font-size:var(--divider-icon-size)}.elementor-widget-divider .elementor-divider-separator{display:flex;margin:0;direction:ltr}.elementor-widget-divider--view-line_icon .elementor-divider-separator,.elementor-widget-divider--view-line_text .elementor-divider-separator{align-items:center}.elementor-widget-divider--view-line_icon .elementor-divider-separator:after,.elementor-widget-divider--view-line_icon .elementor-divider-separator:before,.elementor-widget-divider--view-line_text .elementor-divider-separator:after,.elementor-widget-divider--view-line_text .elementor-divider-separator:before{display:block;content:\"\";border-bottom:0;flex-grow:1;border-top:var(--divider-border-width) var(--divider-border-style) var(--divider-color)}.elementor-widget-divider--element-align-left .elementor-divider .elementor-divider-separator>.elementor-divider__svg:first-of-type{flex-grow:0;flex-shrink:100}.elementor-widget-divider--element-align-left .elementor-divider-separator:before{content:none}.elementor-widget-divider--element-align-left .elementor-divider__element{margin-left:0}.elementor-widget-divider--element-align-right .elementor-divider .elementor-divider-separator>.elementor-divider__svg:last-of-type{flex-grow:0;flex-shrink:100}.elementor-widget-divider--element-align-right .elementor-divider-separator:after{content:none}.elementor-widget-divider--element-align-right .elementor-divider__element{margin-right:0}.elementor-widget-divider:not(.elementor-widget-divider--view-line_text):not(.elementor-widget-divider--view-line_icon) .elementor-divider-separator{border-top:var(--divider-border-width) var(--divider-border-style) var(--divider-color)}.elementor-widget-divider--separator-type-pattern{--divider-border-style:none}.elementor-widget-divider--separator-type-pattern.elementor-widget-divider--view-line .elementor-divider-separator,.elementor-widget-divider--separator-type-pattern:not(.elementor-widget-divider--view-line) .elementor-divider-separator:after,.elementor-widget-divider--separator-type-pattern:not(.elementor-widget-divider--view-line) .elementor-divider-separator:before,.elementor-widget-divider--separator-type-pattern:not([class*=elementor-widget-divider--view]) .elementor-divider-separator{width:100%;min-height:var(--divider-pattern-height);-webkit-mask-size:var(--divider-pattern-size) 100%;mask-size:var(--divider-pattern-size) 100%;-webkit-mask-repeat:var(--divider-pattern-repeat);mask-repeat:var(--divider-pattern-repeat);background-color:var(--divider-color);-webkit-mask-image:var(--divider-pattern-url);mask-image:var(--divider-pattern-url)}.elementor-widget-divider--no-spacing{--divider-pattern-size:auto}.elementor-widget-divider--bg-round{--divider-pattern-repeat:round}.rtl .elementor-widget-divider .elementor-divider__text{direction:rtl}.e-con-inner>.elementor-widget-divider,.e-con>.elementor-widget-divider{width:var(--container-widget-width,100%);--flex-grow:var(--container-widget-flex-grow)}<\/style>\n<style>\/*! elementor - v3.16.0 - 09-10-2023 *\/<br \/>\n.elementor-widget-image{text-align:center}.elementor-widget-image a{display:inline-block}.elementor-widget-image a img[src$=\".svg\"]{width:48px}.elementor-widget-image img{vertical-align:middle;display:inline-block}<\/style>\n<p>\t\t\t\t\t\t\t\t\t\t\t\t<img loading=\"lazy\" decoding=\"async\" width=\"236\" height=\"70\" src=\"https:\/\/printzgraf.de\/wp-content\/uploads\/2021\/10\/printzgraf_Balken_heller_kurz.jpg\" alt=\"\" loading=\"lazy\" \/><\/p>\n<style>\/*! elementor - v3.16.0 - 09-10-2023 *\/<br \/>\n.elementor-heading-title{padding:0;margin:0;line-height:1}.elementor-widget-heading .elementor-heading-title[class*=elementor-size-]>a{color:inherit;font-size:inherit;line-height:inherit}.elementor-widget-heading .elementor-heading-title.elementor-size-small{font-size:15px}.elementor-widget-heading .elementor-heading-title.elementor-size-medium{font-size:19px}.elementor-widget-heading .elementor-heading-title.elementor-size-large{font-size:29px}.elementor-widget-heading .elementor-heading-title.elementor-size-xl{font-size:39px}.elementor-widget-heading .elementor-heading-title.elementor-size-xxl{font-size:59px}<\/style>\n<h2>    Impressum<\/h2>\n<p>Printzgraf Werbeagentur UG (haftungsbeschr\u00e4nkt)<br \/>\nBachstr. 22<br \/>\n52066 Aachen<\/p>\n<p>Gesch\u00e4ftsf\u00fchrerin: Karin Gabbas<br \/>\nE-Mail: k.gabbas@printzgraf.de<br \/>\nTelefon: +49 241 9975399-7<\/p>\n<p>Amtsgericht Aachen HRB 25152<br \/>\nUSt.-IdNr.: DE346 628 288<\/p>\n<h2>Kontakte<\/h2>\n<link rel=\"stylesheet\" href=\"https:\/\/printzgraf.de\/wp-content\/plugins\/elementor\/assets\/css\/widget-icon-list.min.css\">\n<ul>\n<li>\n\t\t\t\t\t\t\t\t\t\tPrintzgraf Werbeagentur UG (haftungsbeschr\u00e4nkt)Bachstr. 22<br \/>\n<bachstr. 22=\"\">52066 Aachen<\/bachstr.><\/li>\n<li>\n\t\t\t\t\t\t\t\t\t\t+49 241 99753995<\/li>\n<li>\n\t\t\t\t\t\t\t\t\t\tkontakt@printzgraf.de<\/li>\n<\/ul>\n<p style=\"text-align: right;\">Copyright \u00a9 2023 printzGraf.de | Powered by WordPress<a href=\"https:\/\/wpastra.com\/\" target=\"_blank\" rel=\"nofollow noopener\">-Theme<\/a><\/p>\n","protected":false},"excerpt":{"rendered":"<p>Impressum Printzgraf Werbeagentur UG (haftungsbeschr\u00e4nkt) Bachstr. 22 52066 Aachen Gesch\u00e4ftsf\u00fchrerin: Karin Gabbas E-Mail: k.gabbas@printzgraf.de Telefon: +49 241 9975399-7 Amtsgericht Aachen HRB 25152 USt.-IdNr.: DE346 628 288 Kontakte Printzgraf Werbeagentur UG (haftungsbeschr\u00e4nkt)Bachstr. 22 52066 Aachen +49 241 99753995 kontakt@printzgraf.de Copyright \u00a9 2023 printzGraf.de | Powered by WordPress-Theme<\/p>\n","protected":false},"author":1,"featured_media":0,"parent":0,"menu_order":0,"comment_status":"closed","ping_status":"closed","template":"templates\/landing.php","meta":{"footnotes":""},"class_list":["post-564","page","type-page","status-publish","hentry","entry"],"_links":{"self":[{"href":"https:\/\/printzgraf.de\/index.php?rest_route=\/wp\/v2\/pages\/564","targetHints":{"allow":["GET"]}}],"collection":[{"href":"https:\/\/printzgraf.de\/index.php?rest_route=\/wp\/v2\/pages"}],"about":[{"href":"https:\/\/printzgraf.de\/index.php?rest_route=\/wp\/v2\/types\/page"}],"author":[{"embeddable":true,"href":"https:\/\/printzgraf.de\/index.php?rest_route=\/wp\/v2\/users\/1"}],"replies":[{"embeddable":true,"href":"https:\/\/printzgraf.de\/index.php?rest_route=%2Fwp%2Fv2%2Fcomments&post=564"}],"version-history":[{"count":8,"href":"https:\/\/printzgraf.de\/index.php?rest_route=\/wp\/v2\/pages\/564\/revisions"}],"predecessor-version":[{"id":574,"href":"https:\/\/printzgraf.de\/index.php?rest_route=\/wp\/v2\/pages\/564\/revisions\/574"}],"wp:attachment":[{"href":"https:\/\/printzgraf.de\/index.php?rest_route=%2Fwp%2Fv2%2Fmedia&parent=564"}],"curies":[{"name":"wp","href":"https:\/\/api.w.org\/{rel}","templated":true}]}}